). Give x(1).
0
Let w(c) = -4*c + 13*c + 3*c + 0 + 7 + c**2. Give w(-8).
-25
Suppose 3*x + 9 = -4*v, -2 = x - 4*v - 15. Let f be -2 - (2 + (x - 3)). Let u(z) = -z**3 - 3*z**2 + 217*z + 3 + 4*z**2 - 214*z. Determine u(f).
9
Let d(v) = 96*v - 46*v - 1 - 43*v. Calculate d(1).
6
Let g(s) be the first derivative of -s**5/60 - s**4/6 - 13*s**3/3 + 28. Let j(f) be the third derivative of g(f). What is j(-4)?
4
Let b(s) be the third derivative of s**4/12 + s**3 - 6*s**2. Suppose g + 6 = 5*m, -2*g = -2*m - 7 + 3. Suppose y + 4*h = 3*y + g, 5*y - h + 28 = 0. Give b(y).
-6
Let f(l) = -10*l. Let c = -131 - -126. Let q(z) = 3*z**3 + 6*z**2 + 7*z - 1. Let w(j) = j**3 + j - 1. Let n(r) = q(r) - 2*w(r). Let o be n(c). Calculate f(o).
-10
Suppose 5*g + 14 = -z - 6, -4*g - 4*z - 16 = 0. Let h(d) be the second derivative of -d**4/12 - 5*d**3/6 + 135*d. Give h(g).
4
Let d(k) be the first derivative of k**3/3 - 4*k**2 - 15*k - 269. What is d(9)?
-6
Let v(k) be the first derivative of 7*k**2/2 - k + 994. What is v(-4)?
-29
Let f = -18 - -22. Suppose -2 = -2*y + f*k, -y - 3*k = -4*y - 9. Let n(r) = -2*r - 7*r**2 - r - r**3 - 10 + r. What is n(y)?
4
Let n(b) = -37*b**2 + 10*b + 19. Let y(s) = 16*s**2 - 5*s - 9. Let z(a) = -3*n(a) - 7*y(a). Suppose -7 - 28 = -5*h. What is z(h)?
-8
Let t(d) = -7*d - d**3 + 3 + 1 + 6*d - 4*d**2. Let k(n) = n**3 - 27*n**2 - 27*n - 23. Let c be k(28). Suppose 2 = 2*f, c*q + 4*f = 3*f - 14. What is t(q)?
-2
Let c(l) = l**2 + 6*l - 3. Let k = 2 + -68. Let a = 59 + k. What is c(a)?
4
Let y(q) = 2*q - 59. Let j = -204 + 235. Determine y(j).
3
Let p(x) = 3*x + 5. Let n be 2 + 1/(-1)*1. Let f(u) = 9 + u**3 - 2*u - n + 6*u**2 + 4*u. Let h be f(-6). Calculate p(h).
-7
Let c(t) = -t**2 - 4*t - 5. Let a = -134 - -130. What is c(a)?
-5
Let c(a) = -90*a + 4 + 48*a + 44*a + 2. Determine c(-5).
-4
Let p(c) = -13*c + 0*c - 7 - 8. Let g(b) = -1 - 2 + 2*b + 5*b + 11. Let n(x) = -7*g(x) - 4*p(x). What is n(4)?
16
Let j(o) = -2*o**3 + 37*o**2 + 13*o + 123. Let t be j(19). Let z(k) = -k**3 + 9*k**2 - k - 11. What is z(t)?
-20
Suppose -7*x + 30 - 2 = 0. Let u(z) = 2*z - 5. What is u(x)?
3
Let v(j) = -3*j**2 - 23*j + 9. Suppose 4*y - 3154 + 3186 = 0. Give v(y).
1
Let a be 0 + 0/(3 + -1 - 0). Let w(n) = -2*n**2 - 7*n + n + a*n - 2. What is w(-4)?
-10
Let s = 7 - 5. Let f(k) be the first derivative of 0 + 7*k + 2 - k**s - 3. Give f(5).
-3
Let f(i) = 8*i**2 + i. Let u(x) = 3*x + 7. Let p be u(-3). Let r(w) = -w**3 - 4*w**2 - w + 4. Let s be r(-3). Let k be ((-2)/p)/((-2)/s). Give f(k).
9
Let f be (-1)/3*4/(-16)*0. Let h(v) be the first derivative of v**4/12 - 2*v - 2. Let c(g) be the first derivative of h(g). Determine c(f).
0
Suppose 20 = -0*w - 4*w. Suppose 0*b + 22 = 11*b. Let y(h) = -2 + 8*h + 0*h**2 + 8 + 0*h**b + h**2. Give y(w).
-9
Suppose 0 = -7*u + 14. Suppose -4 = u*i - 0*i. Let w(h) = h**2 + h - 1. Give w(i).
1
Suppose 3*w + 40 = -5*w. Let g(r) = -r**2 - 9*r - 7. Determine g(w).
13
Let j(q) be the first derivative of -q**3/3 - 2*q**2 - 7*q - 64. Calculate j(-9).
-52
Let z(t) = -3*t + 1 + t + 0*t. Let u = -1612 - -1609. Calculate z(u).
7
Let h(d) = 3*d + 1. Let s be ((-3)/(9/(-15)) - 3)/2. Calculate h(s).
4
Let x(s) be the first derivative of -s - 9/2*s**2 - 9. Let p(d) = -5*d - 1. Let t(f) = -7*p(f) + 4*x(f). What is t(5)?
-2
Let w(n) be the second derivative of n**5/20 + n**4/3 - 11*n**3/6 - 7*n**2 + 156*n. Calculate w(-6).
-20
Let f(p) = -p**3 + p**2 + 7. Let h = -124 + 135. Suppose 11 - h = -7*a. Give f(a).
7
Let l(g) = -g + 1. Let a = 27 - 15. Let h be (2 - 21/a)*4. Let u be 9/3*(h - 0). Calculate l(u).
-2
Let b(j) = j**3 - 2*j**2 + 3*j - 3. Let x = -54 + 59. Suppose 18 = x*i + i. What is b(i)?
15
Let g(n) = -n**3 - 24*n**2 + 4*n + 48. Let t be g(-24). Let k = 50 + t. Let j(i) = -2*i**2 + 2*i. What is j(k)?
-4
Let a(m) = 0*m**2 + 3 - 12 + 8*m - m**2. Let l = 23 - 33. Let c be ((-4)/l)/(6/90). Give a(c).
3
Suppose 3*p + 4 = -8. Let w be -2 - (p - -4) - -3. Let i(r) = 2*r**2 + 1 - 4*r**3 + 5*r**3 - 2*r - 8*r**3. Determine i(w).
-6
Let o(m) = -4*m**2 - 2*m**2 - 5*m**3 - 5 + 4*m**3 - 5*m. Suppose 4*u - 7 - 5 = -4*c, -u + 9 = -2*c. Let s be 5 + -5 - (-10)/c. Give o(s).
-5
Let u(s) = 5*s - 6. Let h be 3*2/(-3) + 4. Let z be u(h). Let k(q) = -39 - z*q**2 + 41 + q - 2*q - 2*q**3. Give k(-2).
4
Let m(p) = 5*p**2 - 2 + p**3 + 3*p**2 - 5*p + p**2 - 5*p**2. Suppose 4*d + 2*d = -144. Let l be (-6)/4*d/(-9). Calculate m(l).
18
Let a = -1322 - -1329. Let x(z) = 4*z - 16. Calculate x(a).
12
Suppose 0 = -4*o + 12, 4*g - o = 10 + 15. Suppose -3*n + 5 + g = 0. Suppose n = -5*y - 6. Let t(m) = 2*m**3 + 3*m**2 + m + 2. Give t(y).
-4
Let u(g) = -356*g**3 + 177*g**3 + 9*g + 3 + 7*g**2 + 180*g**3 + 4*g**2. Calculate u(-10).
13
Let c(q) = -2*q**2 + 5 + 612*q - 637*q + q**2. Determine c(-25).
5
Let u(s) be the first derivative of s**2 + 8*s - 427. Let m(x) = 7*x**3 - 2*x**2 - 2*x - 1. Let y be m(-1). Determine u(y).
-8
Let a(j) = j**3 - 5*j**2 + j + 4. Let r be (-5 + -1)/((-28)/14). What is a(r)?
-11
Let h(l) = 4*l + 4. Suppose 2*w - 7*n = -3*n - 22, w + 5*n = -11. Let p = -8 - w. Calculate h(p).
16
Let l(a) = -6*a + 46. Let f be l(6). Let i be 6*(3/2)/(-1). Let s = i + f. Let w(v) = 4*v**3 - v**2. What is w(s)?
3
Let v = 231 - 226. Let h(m) = m**2 - 8*m + 4. Give h(v).
-11
Let y(h) = -3*h - h + 6 - h**3 + h - 6*h**2. Let k be (16 + -15)/((-5)/25). Give y(k).
-4
Let p(g) = 19*g**2 + 6. Let x(n) = -247*n**2 - 76. Let f(a) = 38*p(a) + 3*x(a). Let z = 1 + -2. Determine f(z).
-19
Let h(n) = -2*n + 9. Let l(q) be the first derivative of -3*q**2/2 + 17*q - 2. Let o(f) = -5*h(f) + 3*l(f). Suppose 0 = -10*w + 15*w + 15. Calculate o(w).
3
Let j be ((-4)/(-10))/((-2)/(-60)). Let m(o) = -2*o**2 - 22*o - o**3 + 12*o + 2 + j*o - 3. Give m(-3).
2
Let z(m) = 1 + 0*m**2 - 3*m**2 - m**3 + 0*m**2 + 4*m. Let n be 24 + -22 - (0 - (-2)/(-1)). Suppose -3 = 4*p - 5*y - 1, 5*p + 7 = n*y. Give z(p).
-11
Suppose 0 = -6*u + 2*u. Let x(t) = 5 - 4 + u - 3 + 2*t. Give x(3).
4
Let o(z) = 12*z**2 + 0*z - 13*z**2 + 9*z - 2. What is o(7)?
12
Let l(w) = -2*w**2 - 2*w + 2. Let t be (-2 + -1)*-1 + -13. Let b be t - 7/((-28)/(-16)). Let i be (-3 + b/(-4))*-4. Give l(i).
-2
Let b be (-584)/(-73) + 1*-11. Let u(r) = -r**3 - 3*r**2 + 2*r - 4. Calculate u(b).
-10
Let q(x) = -4*x - 36. Let t(b) = 6*b + 55. Let i(s) = 8*q(s) + 5*t(s). What is i(-9)?
5
Suppose -61*c = -49*c - 12. Let h(m) = -17*m**2 - 2*m + 1. Calculate h(c).
-18
Let d = -8681 - -8677. Let a(t) = -t**3 + 2*t + 2*t + 0*t**3 - 2 - 4*t**2. What is a(d)?
-18
Let a(s) = -2*s - 3. Let y be (1 - -6)/(39/(-13) + 2). What is a(y)?
11
Let d(g) = -g**2 + 6*g + 6. Suppose 0 = -2*t + 2*l + 24, -3*t + 60 = t + 2*l. Suppose t*u = 3*u + 77. Calculate d(u).
-1
Let v(c) = 2 - c - 6 + 8*c - 6*c. Give v(6).
2
Let p(s) = 18*s**2 + s. Suppose 368 - 354 = -14*f. What is p(f)?
17
Suppose -24 = -13*l + 9*l. Let k(h) = h - 4. Let d be k(l). Let i(v) = 0*v**2 - 5*v + 0*v**2 + v**d - 5. Give i(4).
-9
Let d be (-8)/(-6)*3 + -1. Suppose -n - 4*g - 198 = -6*n, -138 = -3*n - 4*g. Let q(o) = -o**d - 38*o**2 + n*o**2 - 3 + o + 2. Determine q(3).
11
Suppose -2*m - 5*c - 3 = m, c - 9 = -3*m. Let o(b) = -m*b**2 + 4 + 4*b**2 + 3 + 7*b + b**2. Calculate o(-6).
1
Let d(s) = 3*s**2 + 56*s + 38. Let f be d(-18). Let i(y) = -y**3 - 2*y + 1. Determine i(f).
-11
Suppose 0 = -4*b - 16, 2*b - 99 + 12 = -5*v. Suppose 4*r + v = 4*s - 13, 2*s - 4*r = 26. Let y(h) = h**3 - 3*h**2 - 4*h - 1. Give y(s).
-13
Let v(i) = -i**3 + 4*i**2 + 5*i + 2. Suppose -l = 5*r - 64, -l + 51 + 1 = 4*r. Suppose 5*n = r + 18. Suppose -n*f = -f - 25. Determine v(f).
2
Let q(w) = w**3 - 7*w**2 + 4*w + 1. Let t be 4/(-6)*(-90)/120*12. Determine q(t).
-11
Let a = 3 + 3. Let m(o) = 3 + 3 - 4*o + a*o. Let v(i) = i**3 + 10*i**2 + 2*i - 67. Let x be v(-9). Determine m(x).
-2
Suppose -n - 4 = -0*l + 2*l, -3*n + 4*l = 22. Let t = 6 + n. Let f(y) = t + y**3 - 7*y**2 - 4*y - y + 8 + 3*y. Give f(7).
-6
Let r be (-4)/6 + (-14)/6. Let j(u) = -7*u**2 - 7*u - 4. Let q(k) = 4*k**2 + 4*k + 2. Let n(h) = r*j(h) - 5*q(h). Let b = 95 - 95. Give n(b).
2
Let n(w) = 32*w + 13 - 2*w + w**2 - 9*w - 7*w - 4*w. Determine n(-6).
-11
Let k(s) be the third derivative of -s**5/60 + 7*s**4/24 - 5*s**3/6 + 52*s**2 - 1. What is k(6)?
1
Let o be 11 + -8 